 t.
3, 41
Let x(b) = 888*b**2 + 11*b - 12. Let j be (23/(-7) + 3)/((-58)/203). List the prime factors of x(j).
887
Suppose -4*g = -2*m - 64324, 2*g - 3*m - 19901 - 12249 = 0. List the prime factors of g.
2, 4021
Suppose 2382469 - 528499 = 49*b - 494698. What are the prime factors of b?
2, 23, 521
Suppose -284*k + 208*k + 689396 = 0. What are the prime factors of k?
47, 193
Let g be 4/10 - (-232)/20. Suppose -i - 176 = -5*c - 144, 0 = -3*c. Let o = g - i. What are the prime factors of o?
2, 11
Let d = -168 + 172. Let r(u) = 13*u**2 - 9*u + 12. List the prime factors of r(d).
2, 23
Let h = 80 + -83. What are the prime factors of (h/2)/(18/(-2424))?
2, 101
Let o(q) = 67*q + 1. Let v(f) = -267*f - 2. Let h(k) = -9*o(k) - 2*v(k). What are the prime factors of h(-6)?
409
Let s(d) = -d**3 + 2*d**2 - 7*d + 3607. List the prime factors of s(0).
3607
Suppose 225 = 9*b - 0*b. Suppose -41 = 24*q - b*q. Let f = 13 + q. List the prime factors of f.
2, 3
Suppose 933 = o + 2*b, -5*o + 2775 = 2*b - 1858. List the prime factors of o.
5, 37
Suppose 13*c + 6*c - 181271 = -45839. List the prime factors of c.
2, 3, 11
Let i = 27 - 25. Let f(c) = -c + 4. Let l be f(i). Suppose l*q = -5*q + 567. List the prime factors of q.
3
Suppose 5833 = 8*f + 25. Suppose 0 = 2*k + 4*y - f, 3*k - 2*y - 2*y = 1049. What are the prime factors of k?
5, 71
What are the prime factors of 51*2206/30 + (-2)/10?
2, 3, 5
Let t(u) = -90 + u**2 + 40 + 2*u - 62. List the prime factors of t(-25).
463
Let f be 21089/4 + 155/(-124). Suppose 5*z + 2*z = f. List the prime factors of z.
3, 251
Suppose 4*y - 21668 = -4*d, -20*d + 81242 = -5*d + 2*y. List the prime factors of d.
2, 677
Suppose -7 = 7*d + 63. List the prime factors of ((-2)/d + (-108)/(-60))*517.
2, 11, 47
Let r = 5113 - -14272. What are the prime factors of r?
5, 3877
Suppose 5*w = w - 40. Let i(q) = 3*q**2 + 49*q + 61. Let g(a) = -a**2 - 16*a - 20. Let l(r) = 7*g(r) + 2*i(r). List the prime factors of l(w).
2, 11
Let w(a) = a**3 - 7*a**2 - 15*a - 19. Let u be w(9). Suppose 2378 - 386 = u*n. List the prime factors of n.
3, 83
Let t(i) = 20*i**2 + 21*i + 39. Let g be (170/(-20))/17*14. What are the prime factors of t(g)?
2, 109
Let x = 126338 + -80582. What are the prime factors of x?
2, 3, 31, 41
Suppose -2*k - z = -2, -2*z - 38 = -5*k - 6. Suppose 0 = 3*x - 6*x + 3, 5*x + 1 = -m. What are the prime factors of (104/(-12))/(k/m)?
13
Suppose 6 = 10*w - 14. Suppose 0 = -f - 3*k + 788, 2932 = 4*f + w*k - 270. What are the prime factors of f?
11, 73
Let g(j) = -j + 13. Suppose -4*y = -5*i + 51, -i + 0*y = -4*y - 7. Let u be g(i). Suppose d - 579 = -u*d. List the prime factors of d.
193
Let k(z) = 57*z - 13. Let b be k(-3). Suppose -4*r - m + 3*m = -1538, 2*m - 377 = -r. Let u = r + b. What are the prime factors of u?
199
Suppose -8*w + 112 + 16 = 0. Let z(t) = 107*t + 354. What are the prime factors of z(w)?
2, 1033
What are the prime factors of -1*(0 - -1) + 23/(1564/801448)?
5, 2357
Suppose 6 = 7*t - 85. Let y(p) = p**3 - 13*p**2 + 2. Let b be y(t). List the prime factors of (-45 - b)*2/(-2).
47
Suppose 0 = -r + 2*x + 5369 + 13827, -2*x = 4. What are the prime factors of r?
2, 2399
Let n(t) = -307*t + 419. List the prime factors of n(-30).
9629
Suppose 10*q = 5 + 65. Suppose -q*b - 11 = 31. What are the prime factors of 2/b - (-2 - (-172)/(-3))?
59
Suppose 7*o + 38 = 4*z + 6*o, 3*z = 5*o + 20. Suppose -338 = z*u - 4378. What are the prime factors of u?
2, 101
List the prime factors of (-4)/(-2)*((-125)/(-25) - -20989).
2, 3, 3499
Let s(g) be the first derivative of -33*g**2/2 + 65*g + 237. List the prime factors of s(-11).
2, 107
Let k = -338 + 565. Let p = k + 608. List the prime factors of p.
5, 167
Let s(q) = 12*q**2 - 21*q - 101. Let t be s(12). Let i = 2572 - t. What are the prime factors of i?
3, 7, 19
Let k = 12 - 2. Suppose 4*o = -o - k. What are the prime factors of 2 - (-107 - o - 5)?
2, 7
Suppose 0 = -39*l + 308*l - 168394. List the prime factors of l.
2, 313
Suppose 2*z - 2*f + 3*f = 887, -z + 5*f + 471 = 0. Suppose 4*u = 5*u - 1, 3*p - z = -5*u. List the prime factors of p.
3, 7
Let n(a) = -79*a - 122. Let i(q) = 79*q + 121. Let b(v) = -2*i(v) - 3*n(v). What are the prime factors of b(10)?
2, 457
What are the prime factors of 5/((-111)/(-148)*4/2991)?
5, 997
Let d(p) = p**3 - 6*p**2 + 2*p + 17. Let n be d(5). Let l(q) = 23*q**2 - 86*q**2 - 19*q + 10 - q**3 + 28*q**2 + 25*q**n. List the prime factors of l(-10).
2, 5
Let m(u) = 609*u - 774. What are the prime factors of m(23)?
3, 11, 401
Suppose -65 = 2*h + 3*b, 3*h + 2*b - 64 = -169. Let t(n) = 2*n**2 + 50*n + 35. What are the prime factors of t(h)?
13, 71
Let u(z) be the third derivative of -z**6/120 - z**5/12 + 17*z**4/8 + 7*z**3/3 + 16*z**2 - 2*z. What are the prime factors of u(-12)?
2, 5, 41
Let z(q) = q**2 + 5*q + 4. Let a(b) = -5*b + 32. Let w be a(6). Let f(n) = -2*n**3 + 2*n**2 - 2*n + 3. Let j be f(w). List the prime factors of z(j).
2, 5
Suppose -4*y + 0*k + k + 157 = 0, -5*y = -5*k - 215. Let n = -22 + y. List the prime factors of n.
2
Let z(t) = 6*t**2 + 67*t + 10. Let s be z(-11). List the prime factors of s/((4/(-678))/((-264)/(-36))).
11, 113
Let a = 14687 - -2654. List the prime factors of a.
17341
Let t(m) = -m**3 - 41*m**2 + 27*m + 82. Suppose -4*j = 24 + 144. What are the prime factors of t(j)?
2, 89
Let v(f) be the second derivative of 3*f**3 - 5*f**2 - 2/3*f**4 + 0 + 23*f + 1/20*f**5. What are the prime factors of v(9)?
233
Let i(c) = 14*c**3 - 7*c**2 + 2*c - 14. What are the prime factors of i(7)?
7, 13
Let k = -467 - -488. Suppose k*g - 3561 = -5*u + 17*g, -4*g - 693 = -u. List the prime factors of u.
709
Let v(k) = -2*k**3 - 16*k**2 - k + 7. Let w be v(-7). Let d be (65/(-2))/((-21)/w). Let t = d - -156. What are the prime factors of t?
2, 13
Suppose 35*z + 9 = 34*z - 3*p, -2*z - 3*p = 21. List the prime factors of (-37490)/(-60) + 6 + (-2)/z.
631
Let x = 96 - 98. Suppose -3*m + 214 = -101. What are the prime factors of 8463/m + x/(-5)?
3
Let i = -15278 - -26022. List the prime factors of i.
2, 17, 79
Let o = 45 + -53. Let h be (-54)/(-10) - o/(-20). Suppose 3*t = 2*y - 41, 8 = 6*y - h*y - 4*t. List the prime factors of y.
2, 7
Suppose 39 = 6*h - 33. Suppose 1424 - 4388 = -h*w. What are the prime factors of w?
13, 19
Let q(y) = 37*y**2 + 28*y**2 + 0*y - 63*y**2 - 27 - y. Let s be q(0). List the prime factors of -3*(s + -4 + 8).
3, 23
Let r be (-4 - 54)/(0 + 2/(-3)). Let i = r - 87. Suppose 5*d - 109 = 5*z + 721, -4*d - 2*z + 670 = i. What are the prime factors of d?
167
Let j(z) = -z**2 + 10*z + 26. Let k be j(12). Let y(m) = -m**2 + 3*m - 2*m + 4*m**2 + k*m + 15. What are the prime factors of y(-6)?
3, 5, 7
Suppose -h = -88*l + 84*l - 5442, -2*h + 10866 = -2*l. List the prime factors of h.
2, 3, 5, 181
Let b(i) = 63*i**2 + 2*i + 1. Suppose -5 = 5*q - 0*q - 5*y, -y = 2*q + 2. Let u be (-8)/10 + q/5. What are the prime factors of b(u)?
2, 31
Suppose 0 = 4*u + 4*y - 242403 + 40831, 2*u + 3*y = 100778. What are the prime factors of u?
13, 3877
Suppose -z = 16 - 282. Suppose -z = 5*c - 1801. Suppose -4*n + 244 = 4*m - 0*m, 0 = 5*m + 3*n - c. List the prime factors of m.
2, 31
Suppose -5*p - 199110 = -5*n, -3*n - 8*p = -10*p - 119461. What are the prime factors of n?
29, 1373
Let u be (-18*2 - 1)*-11. Let n be (5*63/7)/((-3)/10). Let a = u + n. List the prime factors of a.
257
Suppose 0*i + 24080 = -28*i. What are the prime factors of (1 - i) + -2 - (8 - 3)?
2, 7, 61
Let s(w) = w + 12. Let h be s(-5). Suppose 9*b = -43 + h. What are the prime factors of 91 - (-2 - b) - -2?
7, 13
Let v(a) be the second derivative of -a**4/12 + 5*a**3/6 + 17*a**2/2 - 9*a. Let g be v(7). Suppose 2*x - 25 = g. What are the prime factors of x?
2, 7
List the prime factors of -21 + 1 + (28855 - 200).
3, 5, 23, 83
Let u be (21*6/(-72))/(2/(-8)). Suppose -u*t + 574 + 609 = 0. List the prime factors of t.
13
Let s(k) = -2*k**2 + 83*k + 483. Let b be s(39). Suppose 4*j - 1450 = 3*o, -5*o + 0*j = -2*j + 2412. Let w = b + o. What are the prime factors of w?
2, 7
Let n(l) = -l**2 - l + 2. Let j(b) = 65*b**2 + 3. Let s(m) = j(m) - n(m). Let f = 0 + -1. What are the prime factors of s(f)?
2, 3, 11
Suppose 2*k = m + 5*k - 20337, m - 20274 = 4*k. What are the prime factors of m?
2, 3, 